21 a prime number?
True
Is 39871 composite?
True
Is 3407 a composite number?
False
Is 329905 a prime number?
False
Is 66349 composite?
True
Is 73417 prime?
True
Is 33889 a prime number?
True
Is 92551 a prime number?
True
Is 6127 prime?
False
Is 6295 prime?
False
Is 12514 composite?
True
Is 148907 prime?
False
Is 9899 a composite number?
True
Is 362081 prime?
True
Is 985 a composite number?
True
Is 6999 prime?
False
Is 252257 prime?
False
Is 208079 a composite number?
True
Is 3877 a prime number?
True
Is 127691 prime?
True
Is 66777 composite?
True
Is 549401 composite?
True
Is 73181 a composite number?
False
Is 8483 a prime number?
False
Is 2380405 prime?
False
Is 13549 prime?
False
Is 247829 a composite number?
False
Is 1837283 composite?
True
Is 97757 a prime number?
False
Is 71723 prime?
False
Is 192791 a composite number?
False
Is 2813 prime?
False
Is 46589 prime?
True
Is 27997 composite?
False
Is 3837355 a composite number?
True
Is 21467 composite?
False
Is 17743 prime?
False
Is 8419 a prime number?
True
Is 103141 a composite number?
False
Is 27923 composite?
True
Is 3421 composite?
True
Is 147073 a prime number?
True
Is 34981 prime?
True
Is 3141113 composite?
True
Is 250229 prime?
False
Is 905843 a prime number?
True
Is 1693 a prime number?
True
Is 115337 a composite number?
False
Is 55763 prime?
True
Is 3299 a composite number?
False
Is 19289 a composite number?
False
Is 1027 prime?
False
Is 631 a prime number?
True
Is 104347 prime?
True
Is 24841 composite?
False
Is 2437 a prime number?
True
Is 215621 prime?
False
Is 123341 composite?
False
Is 101527 a prime number?
True
Is 2617 composite?
False
Is 2427 prime?
False
Is 6121 a prime number?
True
Is 22613 prime?
True
Is 8542 a composite number?
True
Is 100583 composite?
True
Is 381697 a composite number?
False
Is 936638 a prime number?
False
Is 703839 a prime number?
False
Is 93637 prime?
True
Is 161683 a composite number?
False
Is 14461 a prime number?
True
Is 96467 prime?
False
Is 192677 a composite number?
False
Is 1555199 a composite number?
False
Is 115357 a composite number?
True
Is 108809 prime?
False
Is 1630721 prime?
True
Is 25059 prime?
False
Is 13523 prime?
True
Is 644065 a prime number?
False
Is 18969 prime?
False
Is 1324591 prime?
True
Is 41507 composite?
False
Is 1605829 composite?
False
Is 26485 composite?
True
Is 18949 a composite number?
True
Is 1076303 composite?
False
Is 17007 a composite number?
True
Is 19289 a composite number?
False
Is 24359 prime?
True
Is 10289 prime?
True
Is 6337 prime?
True
Is 40343 composite?
False
Is 359791 composite?
True
Is 37691 prime?
True
Is 29059 prime?
True
Is 4091 a prime number?
True
Is 205822 a composite number?
True
Is 139117 prime?
False
Is 1008087 composite?
True
Is 158071 composite?
False
Is 5509 prime?
False
Is 54889 a prime number?
False
Is 64705 prime?
False
Is 1311967 a composite number?
False
Is 11729 composite?
True
Is 45463 prime?
False
Is 78151 a prime number?
False
Is 80273 prime?
True
Is 1817 prime?
False
Is 4009 prime?
False
Is 111317 composite?
False
Is 93293 prime?
False
Is 2835733 a composite number?
False
Is 28321 prime?
False
Is 82235 a prime number?
False
Is 332313 composite?
True
Is 687689 a prime number?
False
Is 1839 a composite number?
True
Is 788467 a composite number?
False
Is 5209 a prime number?
True
Is 19813 a prime number?
True
Is 63737 a prime number?
True
Is 5624341 a prime number?
True
Is 3021691 a prime number?
True
Is 397673 a composite number?
False
Is 202907 a prime number?
True
Is 716951 a prime number?
True
Is 335 a composite number?
True
Is 219677 a prime number?
True
Is 47983 a composite number?
True
Is 2629 prime?
False
Is 23357 composite?
False
Is 732937 prime?
False
Is 6521 a prime number?
True
Is 409069 prime?
True
Is 3049 a prime number?
True
Is 1209809 a prime number?
True
Is 362405 a prime number?
False
Is 530429 composite?
False
Is 39851 a composite number?
True
Is 271 a composite number?
False
Is 168679 a composite number?
True
Is 1721 prime?
True
Is 4357 a prime number?
True
Is 78779 composite?
False
Is 13814 composite?
True
Is 5813 prime?
True
Is 2442901 a prime number?
False
Is 27539 prime?
True
Is 12323 composite?
False
Is 141023 a composite number?
False
Is 7411 a prime number?
True
Is 27791 prime?
True
Is 9637 prime?
False
Is 1819 a prime number?
False
Is 3805979 prime?
True
Is 26179 a prime number?
False
Is 577627 prime?
True
Is 24949 composite?
True
Is 20602 a composite number?
True
Is 17337 composite?
True
Is 12763 a composite number?
False
Is 2644769 a prime number?
True
Is 414949 composite?
False
Is 491 composite?
False
Is 161797 composite?
True
Is 4201 prime?
True
Is 27791 a prime number?
True
Is 507905 composite?
True
Is 731858 prime?
False
Is 187237 prime?
True
Is 488681 a prime number?
False
Is 27221 composite?
True
Is 776287 a prime number?
True
Is 621611 prime?
True
Is 5147 a composite number?
False
Is 163111 a composite number?
True
Is 267239 a prime number?
False
Is 74335 prime?
False
Is 4391 a prime number?
True
Is 417 a composite number?
True
Is 164471 composite?
False
Is 210329 composite?
True
Is 119465 a prime number?
False
Is 237581 a prime number?
True
Is 13929 a composite number?
True
Is 17773 a prime number?
False
Is 760531 composite?
False
Is 44449 a composite number?
False
Is 46213 a prime number?
False
Is 768903 prime?
False
Is 49015 a composite number?
True
Is 925343 composite?
True
Is 19717 prime?
True
Is 424079 a composite number?
False
Is 483761 a composite number?
False
Is 12895 a composite number?
True
Is 1934 composite?
True
Is 103 composite?
False
Is 266573 a composite number?
True
Is 113983 composite?
False
Is 12961 a prime number?
False
Is 25523 a prime number?
True
Is 245171 prime?
True
Is 400121 a composite number?
True
Is 224729 a composite number?
False
Is 2321 composite?
True
Is 55619 prime?
True
Is 1847 composite?
False
Is 149869 composite?
True
Is 343481 a composite number?
False
Is 33518 a prime number?
False
Is 65357 a composite number?
False
Is 212003 a composite number?
True
Is 5209 prime?
True
Is 158845 a prime number?
False
Is 61259 composite?
True
Is 34283 a prime number?
True
Is 14369 a composite number?
False
Is 6731 composite?
True
Is 43607 a composite number?
False
Is 6638 prime?
False
Is 37901 a prime number?
False
Is 2103 a prime number?
False
Is 3989 a composite number?
False
Is 37529 a prime number?
True
Is 7477 a prime number?
True
Is 79489 prime?
False
Is 9029 composite?
False
Is 86119 a composite number?
True
Is 10801 a prime number?
False
Is 223423 prime?
True
Is 350927 prime?
False
Is 4103 a prime number?
False
Is 221127 prime?
False
Is 5297 composite?
False
Is 1091597 composite?
True
Is 4996945 a prime number?
False
Is 720446 prime?
False
Is 696547 composite?
False
Is 21001 composite?
False
Is 19567 composite?
True
Is 566381 a prime number?
False
Is 8539537 composite?
False
Is 2979889 a composite number?
True
Is 401651 composite?
False
Is 571 a prime number?
True
Is 64671 a prime number?
False
Is 110111 a prime number?
False
Is 177347 prime?
True
Is 1714859 composite?
False
Is 205651 composite?
False
Is 159157 a prime number?
True
Is 459403 a composite number?
True
Is 420097 a composite number?
False
Is 386141 composite?
True
Is 18661 prime?
True
Is 2443 composite?
True
Is 41573 composite?
True
Is 331 a prime number?
True
Is 308905 a composite number?
True
Is 16963 composite?
False
Is 232217 a prime number?
True
Is 188291 composite?
False
Is 191855 a prime number?
False
Is 76507 prime?
True
Is 19405 a composite number?
True
Is 15259 prime?
True
Is 34027 a prime number?
False
Is 48305 a prime number?
False
Is 25195 composite?
True
Is 71234 a prime number?
False
Is 70169 a composite number?
True
Is 2329007 a composite number?
True
Is 29243 composite?
False
Is 31055 a prime number?
False
Is 457873 prime?
False
Is 116674 prime?
False
Is 16753 composite?
True
Is 78691 a prime number?
True
Is 22429 composite?
True
Is 243655 prime?
False
Is 292385 composite?
True
Is 26242 a composite number?
True
Is 10897 prime?
False
Is 692009 a composite number?
False
Is 2579 a composite number?
False
Is 15559 prime?
True
Is 888253 a composite number?
True
Is 2437 composite?
False
Is 28151 composite?
False
Is 2157 a prime number?
False
I